*f**2 + 21*f - f**3. List the prime factors of s(17).
2, 29
Let m(r) = -79*r**2 + 11*r - 78. Let u be m(6). Let f = -2017 - u. What are the prime factors of f?
839
Suppose 0 = 4*o + o - 2000. Suppose 0 = -17*a - 1640 - 3120. Let j = o + a. List the prime factors of j.
2, 3, 5
Suppose 27*c - 32*c + 64615 = 5*w, 2*c = 5*w + 25853. What are the prime factors of c?
2, 3, 359
Suppose 0 = 3*a + 21737 - 76160. List the prime factors of a.
3, 6047
Suppose -4*q = -5*j + 193736, -3*j + 16*q - 12*q + 116248 = 0. What are the prime factors of j?
2, 29, 167
Suppose -8*p + 4*p + 216 = 0. Suppose 8*f + 18 = -p. Let g(r) = r**2 + 7*r + 40. List the prime factors of g(f).
2, 29
Let i(p) = -2*p**3 + 17*p**2 + 0*p + 18*p - 20*p + 8. Let b(t) = -2*t**3 - 2*t**2. Let j be b(-2). What are the prime factors of i(j)?
2, 7
Let l(m) = m**3 + 23*m**2 + 2*m. Let i be l(-10). Let w = i - 740. What are the prime factors of w?
2, 3, 5
Let r(d) = -d**2 + 10*d - 22. Let t be r(10). Let v = -21 - t. List the prime factors of 19 - -7 - (v + 0).
5
Let n(m) = -3*m - 12. Let q be n(-6). Let j be (-40)/q*(-3)/(-2). List the prime factors of (j + 7)*4/3 + 27.
23
What are the prime factors of (-36274238)/(-462) - 16/6?
3, 26171
Let f(k) = -k**2 - 29*k - 37. Let i(l) = -l**2 - 3*l + 34. Let y be 4/(-14) - (-4 - 534/(-42)). Let g be i(y). What are the prime factors of f(g)?
11, 13
Suppose -4*s - 108149 = -3*g, 2*g - 74242 = 5*s - 2152. What are the prime factors of g?
5, 7211
Suppose -248 = 6*l - 242. What are the prime factors of 4 + -907*1/l - -3?
2, 457
Suppose 0 = 2*r - 7*q + 8*q - 52, 0 = 5*r - 4*q - 117. List the prime factors of 0 - -2 - (-1714 - r).
1741
Let o = 324 - 206. Let u = o - -349. What are the prime factors of u?
467
Let x be ((-54)/36)/((-6)/4). Let m be 1 + 0/(0 - x). Suppose -m = 3*k - 46. List the prime factors of k.
3, 5
Let c be (-8 - -5)/((-3)/3). What are the prime factors of (c/6 + 0)*1012?
2, 11, 23
Suppose 3*d + 73 = 2*g + 9, -2*g + 44 = 2*d. Suppose 2765 = 33*n - g*n. List the prime factors of n.
5, 79
Suppose -d = 2*d + 2334. Let y be d/(-10) - (130/(-25) + 5). Suppose 0 = 2*k - 5*x - y, 4*x = 4*k - 0*k - 144. What are the prime factors of k?
2, 17
Suppose 10284480 = -148*u + 436*u. What are the prime factors of u?
2, 5, 3571
List the prime factors of -1*4*(-1029969)/666.
2, 3, 1031
Let u be (25/(-15))/((-1)/72). List the prime factors of (-8306)/(-14) - (6 + u/(-21)).
593
Let h(o) = 65*o**3 - 3*o**2 - 38*o + 242. What are the prime factors of h(8)?
2, 7, 337
Suppose 5*r - 62 = -0*w + 3*w, w + 14 = r. What are the prime factors of 4728/r - (-52)/(-65)?
2, 59
Let d = -779 + 2565. Let k = d - 865. List the prime factors of k.
3, 307
Suppose -9*j - 12 = -6*j. What are the prime factors of (-992)/j*(0 - 1/(-2))?
2, 31
Suppose 3*b + 23270 + 16667 = 13*c, 4*c - 2*b - 12284 = 0. List the prime factors of c.
7, 439
Let n(k) = -65 - 20*k + 11*k + 34. List the prime factors of n(-9).
2, 5
Let c(b) = -4*b + 99. Let d be c(26). Let g(x) = 17*x**2 - 35. List the prime factors of g(d).
2, 3, 5, 13
Let q(w) = 5*w**2 - 9*w - 7. Let p(k) = -6*k**2 + 10*k + 6. Let a(h) = -5*p(h) - 4*q(h). Let t(u) = 11*u - 3. Let f be t(0). List the prime factors of a(f).
2, 5, 13
Suppose 2*p - 4 = -b, 4*b + 4*p - 28 = 4. Suppose -q - 3080 = -b*q. What are the prime factors of q?
2, 5, 7
What are the prime factors of (-1 + 177/9)*70416/168?
2, 3, 163
Suppose -4*k = -3*a + 7, 0*k + 4*k - 28 = -4*a. Let h(w) = 10*w**k - 23*w**2 + 25 + 5*w + w**3 - 17*w. What are the prime factors of h(14)?
53
Suppose -2*f + y - 425 = 0, -f + 1 - 218 = -2*y. Let o = -696 + 1095. Let u = f + o. What are the prime factors of u?
2, 47
Let k be 4/2 + (-680)/17. Let t = k - -40. Suppose 0 = -l + t*l - 27. What are the prime factors of l?
3
Suppose -50*j - 11691 = -51*j. What are the prime factors of j?
3, 433
Suppose 22*x = 18*x + l + 74928, 3*x - 56196 = l. List the prime factors of x.
2, 3, 7, 223
Let f be (-13)/(-8) + 75/200. Suppose 4*b = g + 7, 4*b - 5 = f*b + g. What are the prime factors of (-8 + b)/(3 - (-20)/(-6))?
3, 7
Let u(d) = 2*d**2 + 20*d - 125. List the prime factors of u(-24).
547
Let m = -135 - -169. Suppose -16*o - 12222 = -m*o. What are the prime factors of o?
7, 97
Suppose -37*r + 9501125 = 98*r + 10*r. What are the prime factors of r?
5, 2621
Let n(p) = 4*p**2 + 5. Let i be n(-4). Suppose 6*g + 165 = 3*g - 5*d, g = 3*d - i. Let y = 149 + g. What are the prime factors of y?
89
Suppose 3*m + 4*h = 2*h - 2, 2*m - 4*h = 4. Suppose 17*j - 853 - 1323 = m. What are the prime factors of j?
2
Let g(s) = 4*s**2 - 17*s + 11. Suppose -4*o = -11*o - 56. Let w(x) = 12*x**2 - 51*x + 32. Let v(k) = o*g(k) + 3*w(k). List the prime factors of v(7).
5, 17
Let t(w) = 298*w + 6. Let u be t(7). What are the prime factors of 3/(-15) + u/10?
11, 19
Suppose 0 = 6*n - 1952 + 146. Suppose -n*u + 296*u + 1350 = 0. What are the prime factors of u?
2, 3, 5
List the prime factors of 3*(-7 + 15/5 + 1497).
3, 1493
Suppose -8*z + 5636 = -572. Suppose -z - 1224 = -4*k. What are the prime factors of k?
2, 5
Let i = 11028 + -2765. List the prime factors of i.
8263
Let u = 76 - 76. Suppose u = 2*j + 5*j - 14. Suppose 411 = 2*b + j*y - y, -y = b - 207. List the prime factors of b.
2, 3, 17
Let h(a) = 4942*a - 9 + 51 - 4923*a. What are the prime factors of h(16)?
2, 173
Let c(m) = -17*m**3 - m**2 - 51*m - 349. What are the prime factors of c(-7)?
2, 3, 5, 193
Let d = -3394 + 6024. What are the prime factors of d?
2, 5, 263
Let q be 57/95*(-210)/(-9). Let w(z) be the second derivative of 5*z**3/6 + 25*z**2/2 + z. List the prime factors of w(q).
5, 19
Let f(l) = 21*l - 52. Let p = -7 + 16. What are the prime factors of f(p)?
137
Let k(f) = -4*f + 23. Let m be k(3). Let c(r) = 3*r**3 - 28*r**2 - 23*r - 12. What are the prime factors of c(m)?
2, 5, 17
Suppose 0 = 18*u - 8*u. Suppose u = -5*g - 178 - 602. Let o = -30 - g. What are the prime factors of o?
2, 3, 7
List the prime factors of 3*-1 - -188*((-170)/(-20) - 8).
7, 13
Suppose 4*x = 3*r + 46, -2*r = -2*x + 2 + 20. Suppose -2*z + m - 1 = 0, 3*z + m - x = -z. What are the prime factors of (5/15)/(z/642)?
107
Suppose -2*j - 3*u + u = -4, j = -4*u - 1. Let b be j/12 + 13*(-6)/(-8). Suppose 5*t = b*t - 595. List the prime factors of t.
7, 17
Suppose 0 = 2*i - v - 2 - 26, -64 = -5*i + 4*v. Suppose -16*b + i + 16 = 0. Suppose b = g - 3, 181 = 2*z + g. What are the prime factors of z?
2, 11
Suppose -8*b + 776 = -0*b. Let x = b + 6. Let g = x + -51. List the prime factors of g.
2, 13
Let q(c) = 40 - 56 + 26 - 5*c. Let r be q(1). Suppose 1086 = -r*x + 11*x. What are the prime factors of x?
181
Suppose 0 = 2*m - 2*p + 1078, 8*p + 2704 = -5*m + 10*p. Let b = -257 - m. What are the prime factors of b?
3, 5, 19
Suppose -4*j + 8504 = -4*i, 2884 + 3499 = 3*j - 2*i. Suppose b + 10*w - 7*w = 538, 0 = -4*b - 5*w + j. List the prime factors of b.
23
Let p(x) = 59 - 120*x - 153 + 80. What are the prime factors of p(-3)?
2, 173
Let t = 73364 + -42483. What are the prime factors of t?
30881
Let b(i) = 6*i**2 + 33*i - 160. What are the prime factors of b(9)?
7, 89
Let x(c) = -3*c**2 - 82*c - 549. Let d be x(-12). Suppose 6 = 2*u - 2. Suppose u*p - 5*y + 10*y = 872, 1090 = 5*p + d*y. List the prime factors of p.
2, 109
Suppose -2*w = -7*g + 11*g - 31884, g - 4*w - 7989 = 0. Suppose 13*y = 20*y - g. What are the prime factors of y?
17, 67
Let p = -125 + 129. List the prime factors of 1989/5 - (p - 13)/45.
2, 199
Let x(i) = 2*i + 26. Let m be x(7). Let p be (-20)/m - -3*(-2)/(-4). Let r(f) = 10*f**2 - 4*f + 3. What are the prime factors of r(p)?
3
Let a = 186 - 68. Suppose -4*n - 213 = 5*i, 5*i - 129 = 11*n - 9*n. Let u = a + n. What are the prime factors of u?
61
What are the prime factors of 536/6*(-525)/(-7)?
2, 5, 67
Let q be ((-56)/42)/((-2)/9). Suppose q*v = 9*v - 6. Suppose o - 5*t = 3*o - 13, -4*o - v*t + 34 = 0. What are the prime factors of o?
3
What are the prime factors of (-16573)/(-7) + 57/133?
2, 37
Let z = 10926 - 7598. List the prime factors of z.
2, 13
Let t = -39470 + 64267. What are the prime factors of t?
137, 181
Let a(w) = 484*w**3 - 30*w**2 + 56*w - 245. What are the prime factors of a(4)?
5, 23, 53
Let g = -24 - -34. Suppose -12*q = -46 + g. Suppose -3*j = q, -4*k + 141 = -3*j 